{"id":210,"date":"2026-02-20T18:06:24","date_gmt":"2026-02-20T18:06:24","guid":{"rendered":"https:\/\/hundeschule-rothenthurm.ch\/?page_id=210"},"modified":"2026-03-03T20:41:54","modified_gmt":"2026-03-03T20:41:54","slug":"mitglied-werden","status":"publish","type":"page","link":"https:\/\/hundeschule-rothenthurm.ch\/?page_id=210","title":{"rendered":"Mitglied werden"},"content":{"rendered":"\n<p><strong>&nbsp;<em>Ablauf zur Mitgliedschaft im SC-OGS<\/em><\/strong><\/p>\n\n\n\n<p><em>Neue Mitglieder werden ordnungsgem\u00e4ss im Rahmen der j\u00e4hrlich stattfindenden Generalversammlung in den SC-OGS aufgenommen.<\/em><\/p>\n\n\n\n<p><em>Voraussetzung f\u00fcr die Aufnahme ist die vorg\u00e4ngige Beantragung der Mitgliedschaft beim Dachverband \u00abSchweizerische Sch\u00e4ferhunde-Club\u00bb ( <a href=\"https:\/\/www.dw-formmailer.de\/forms.php?f=3858_89899\">SSL-secured coding &#8211; www.dw-formmailer.de<\/a>). Die vom SC zugestellte Mitgliedernummer bitten der Aktuarin des SC-OGS mitteilen (<a href=\"mailto:info@sc-ogs.ch\" target=\"_blank\" rel=\"noreferrer noopener\">info@sc-ogs.ch<\/a>).<\/em><\/p>\n\n\n\n<p>Die Mitgliedschaft im SC-OGS kostet CHF 200.&#8211; pro Jahr.<\/p>\n\n\n\n<p><em>Bis zur offiziellen Aufnahme in den Verein besteht selbstverst\u00e4ndlich die M\u00f6glichkeit, unsere Hundekurse im Abonnement zu besuchen. So k\u00f6nnen Sie bereits aktiv am Trainingsbetrieb teilnehmen und unseren Verein kennenlernen.<\/em><\/p>\n\n\n\n<p>Ein 11er Abonnement kostet CHF 250.&#8211;.<\/p>\n","protected":false},"excerpt":{"rendered":"<p>&nbsp;Ablauf zur Mitgliedschaft im SC-OGS Neue Mitglieder werden ordnungsgem\u00e4ss im Rahmen der j\u00e4hrlich stattfindenden Generalversammlung in den SC-OGS aufgenommen. Voraussetzung f\u00fcr die Aufnahme ist die vorg\u00e4ngige Beantragung der Mitgliedschaft beim Dachverband \u00abSchweizerische Sch\u00e4ferhunde-Club\u00bb ( SSL-secured coding &#8211; www.dw-formmailer.de). Die vom SC zugestellte Mitgliedernummer bitten der Aktuarin des SC-OGS mitteilen (info@sc-ogs.ch). Die Mitgliedschaft im SC-OGS kostet &hellip; <\/p>\n<p class=\"link-more\"><a href=\"https:\/\/hundeschule-rothenthurm.ch\/?page_id=210\" class=\"more-link\"><span class=\"screen-reader-text\">\u201eMitglied werden\u201c <\/span>weiterlesen<\/a><\/p>\n","protected":false},"author":2,"featured_media":0,"parent":0,"menu_order":0,"comment_status":"closed","ping_status":"closed","template":"","meta":{"ngg_post_thumbnail":0,"footnotes":""},"class_list":["post-210","page","type-page","status-publish","hentry"],"_links":{"self":[{"href":"https:\/\/hundeschule-rothenthurm.ch\/index.php?rest_route=\/wp\/v2\/pages\/210","targetHints":{"allow":["GET"]}}],"collection":[{"href":"https:\/\/hundeschule-rothenthurm.ch\/index.php?rest_route=\/wp\/v2\/pages"}],"about":[{"href":"https:\/\/hundeschule-rothenthurm.ch\/index.php?rest_route=\/wp\/v2\/types\/page"}],"author":[{"embeddable":true,"href":"https:\/\/hundeschule-rothenthurm.ch\/index.php?rest_route=\/wp\/v2\/users\/2"}],"replies":[{"embeddable":true,"href":"https:\/\/hundeschule-rothenthurm.ch\/index.php?rest_route=%2Fwp%2Fv2%2Fcomments&post=210"}],"version-history":[{"count":7,"href":"https:\/\/hundeschule-rothenthurm.ch\/index.php?rest_route=\/wp\/v2\/pages\/210\/revisions"}],"predecessor-version":[{"id":982,"href":"https:\/\/hundeschule-rothenthurm.ch\/index.php?rest_route=\/wp\/v2\/pages\/210\/revisions\/982"}],"wp:attachment":[{"href":"https:\/\/hundeschule-rothenthurm.ch\/index.php?rest_route=%2Fwp%2Fv2%2Fmedia&parent=210"}],"curies":[{"name":"wp","href":"https:\/\/api.w.org\/{rel}","templated":true}]}}